{"id":2259,"date":"2021-06-03T13:47:54","date_gmt":"2021-06-03T13:47:54","guid":{"rendered":"https:\/\/neplamarque.com\/?post_type=product&#038;p=2259"},"modified":"2024-04-11T10:56:09","modified_gmt":"2024-04-11T10:56:09","slug":"eucalyptus-globulus-bio-10-ml","status":"publish","type":"product","link":"https:\/\/neplamarque.com\/?product=eucalyptus-globulus-bio-10-ml","title":{"rendered":"EUCALYPTUS GLOBULUS BIO NEP HUILE ESSENTIELLE 10 ML"},"content":{"rendered":"<ul>\n<li>Eucalyptus Globulus \u2013 EUCALYPTUS GLOBULUS LABILLARDIERE.<\/li>\n<li>L\u2019huile essentielle d\u2019Eucalyptus globuleux est une huile essentielle remarquable pour agir sur les infections respiratoires, en particulier des <strong>voies basses, telles que les toux grasses ou les bronchites. <\/strong><\/li>\n<li>On pourra aussi l\u2019utiliser pour les pathologies infectieuses des voies hautes type rhume, rhinopharyngite, sinusite.<\/li>\n<li>\u00a0La pr\u00e9sence de c\u00e9tones en plus ou moins grande quantit\u00e9, nous fera <strong>\u00e9viter son usage chez le jeune enfant et la femme enceinte.<\/strong><\/li>\n<\/ul>\n<p>D\u00e9conseill\u00e9 aux femmes enceintes et allaitantes et aux enfants de moins de 6 ans.<\/p>\n","protected":false},"excerpt":{"rendered":"<p><strong>100% pure et naturelle<\/strong><br \/>\nCertifi\u00e9 agriculture biologique<br \/>\nCalme la toux<\/p>\n<p>10 mL<\/p>\n<p><strong>Fabrication Fran\u00e7aise.<\/strong><\/p>\n<p>Eviter tout contact avec les yeux et les zones sensibles.<\/p>\n<p>Ne jamais utiliser pure.<\/p>\n","protected":false},"featured_media":3157,"template":"","meta":[],"product_brand":[],"product_cat":[15],"product_tag":[],"class_list":{"0":"post-2259","1":"product","2":"type-product","3":"status-publish","4":"has-post-thumbnail","6":"product_cat-huiles-essentielles","8":"first","9":"instock","10":"shipping-taxable","11":"purchasable","12":"product-type-simple"},"_links":{"self":[{"href":"https:\/\/neplamarque.com\/index.php?rest_route=\/wp\/v2\/product\/2259","targetHints":{"allow":["GET"]}}],"collection":[{"href":"https:\/\/neplamarque.com\/index.php?rest_route=\/wp\/v2\/product"}],"about":[{"href":"https:\/\/neplamarque.com\/index.php?rest_route=\/wp\/v2\/types\/product"}],"wp:featuredmedia":[{"embeddable":true,"href":"https:\/\/neplamarque.com\/index.php?rest_route=\/wp\/v2\/media\/3157"}],"wp:attachment":[{"href":"https:\/\/neplamarque.com\/index.php?rest_route=%2Fwp%2Fv2%2Fmedia&parent=2259"}],"wp:term":[{"taxonomy":"product_brand","embeddable":true,"href":"https:\/\/neplamarque.com\/index.php?rest_route=%2Fwp%2Fv2%2Fproduct_brand&post=2259"},{"taxonomy":"product_cat","embeddable":true,"href":"https:\/\/neplamarque.com\/index.php?rest_route=%2Fwp%2Fv2%2Fproduct_cat&post=2259"},{"taxonomy":"product_tag","embeddable":true,"href":"https:\/\/neplamarque.com\/index.php?rest_route=%2Fwp%2Fv2%2Fproduct_tag&post=2259"}],"curies":[{"name":"wp","href":"https:\/\/api.w.org\/{rel}","templated":true}]}}