{"id":1706,"date":"2021-01-27T15:07:30","date_gmt":"2021-01-27T15:07:30","guid":{"rendered":"https:\/\/neplamarque.com\/?product=orthese-stabilisatrice-de-cheville-modele-gauche-et-droite-t-u"},"modified":"2023-02-25T13:04:09","modified_gmt":"2023-02-25T13:04:09","slug":"orthese-stabilisatrice-de-cheville-modele-gauche-et-droite-t-u","status":"publish","type":"product","link":"https:\/\/neplamarque.com\/?product=orthese-stabilisatrice-de-cheville-modele-gauche-et-droite-t-u","title":{"rendered":"ATTELLE CHEVILLE"},"content":{"rendered":"<p><strong>Caract\u00e9ristiques :\u00a0<\/strong><\/p>\n<ul>\n<li>Coques \u00e0 double rigidit\u00e9 : rigides en partie sup\u00e9rieure et semi rigides sous les mall\u00e9oles pour plus de stabilit\u00e9 et une meilleur adaptation dans la chaussure.<\/li>\n<li>Coussins en mousse pour un meilleur confort mall\u00e9olaire.<\/li>\n<\/ul>\n<p><strong>Compositions :\u00a0<\/strong><\/p>\n<ul>\n<li>Coussins : Int\u00e9rieur : 100% polyester\u00a0 \u00a0 \u00a0 \u00a0 \u00a0 \u00a0 \u00a0 \u00a0 \u00a0 Ext\u00e9rieur : 100% polyester\u00a0 \u00a0 \u00a0 \u00a0 \u00a0 \u00a0 \u00a0 \u00a0 \u00a0 Mousse : 100% polyur\u00e9thane<\/li>\n<li>Coque : polypropyl\u00e8ne<\/li>\n<li>Sangle : 75% polyamide + 25% polyur\u00e9thane<\/li>\n<\/ul>\n","protected":false},"excerpt":{"rendered":"<p>NEP Attelle Cheville<\/p>\n<p>Indications : Traumatisme et entorse de la cheville r\u00e9cente, entorse l\u00e9g\u00e8re \u00e0 moyenne.<\/p>\n<p>Prise de mesure (hauteur du corps) :<br \/>\nAttelle cheville enfant T1 inf. \u00e0 160cm<br \/>\nAttelle cheville standard T2 sup. \u00e0 160cm<\/p>\n","protected":false},"featured_media":2695,"template":"","meta":[],"product_brand":[],"product_cat":[25],"product_tag":[],"class_list":{"0":"post-1706","1":"product","2":"type-product","3":"status-publish","4":"has-post-thumbnail","6":"product_cat-orthopedie","8":"first","9":"instock","10":"product-type-simple"},"_links":{"self":[{"href":"https:\/\/neplamarque.com\/index.php?rest_route=\/wp\/v2\/product\/1706","targetHints":{"allow":["GET"]}}],"collection":[{"href":"https:\/\/neplamarque.com\/index.php?rest_route=\/wp\/v2\/product"}],"about":[{"href":"https:\/\/neplamarque.com\/index.php?rest_route=\/wp\/v2\/types\/product"}],"wp:featuredmedia":[{"embeddable":true,"href":"https:\/\/neplamarque.com\/index.php?rest_route=\/wp\/v2\/media\/2695"}],"wp:attachment":[{"href":"https:\/\/neplamarque.com\/index.php?rest_route=%2Fwp%2Fv2%2Fmedia&parent=1706"}],"wp:term":[{"taxonomy":"product_brand","embeddable":true,"href":"https:\/\/neplamarque.com\/index.php?rest_route=%2Fwp%2Fv2%2Fproduct_brand&post=1706"},{"taxonomy":"product_cat","embeddable":true,"href":"https:\/\/neplamarque.com\/index.php?rest_route=%2Fwp%2Fv2%2Fproduct_cat&post=1706"},{"taxonomy":"product_tag","embeddable":true,"href":"https:\/\/neplamarque.com\/index.php?rest_route=%2Fwp%2Fv2%2Fproduct_tag&post=1706"}],"curies":[{"name":"wp","href":"https:\/\/api.w.org\/{rel}","templated":true}]}}