{"id":1673,"date":"2021-01-27T15:07:20","date_gmt":"2021-01-27T15:07:20","guid":{"rendered":"https:\/\/neplamarque.com\/?product=pastill-nez-gorge-24-past"},"modified":"2024-07-11T10:01:29","modified_gmt":"2024-07-11T10:01:29","slug":"pastill-nez-gorge-24-past","status":"publish","type":"product","link":"https:\/\/neplamarque.com\/?product=pastill-nez-gorge-24-past","title":{"rendered":"Pastille Nez &#038; Gorge &#8211; (24 past)"},"content":{"rendered":"<p>Contiennent des huiles essentielles de Thym, de Menthe poivr\u00e9e et d\u2019Eucalyptus.<\/p>\n<p>Les compl\u00e9ments alimentaires\u00a0<strong>doivent \u00eatre utilis\u00e9s dans le cadre d\u2019un mode de vie sain<\/strong>\u00a0et ne pas \u00eatre utilis\u00e9s comme substituts d\u2019un r\u00e9gime alimentaire vari\u00e9 et \u00e9quilibr\u00e9.<\/p>\n<p>D\u00e9conseill\u00e9 en cas de pathologie du syst\u00e8me immunitaire ou de prise de m\u00e9dicaments affectant le syst\u00e8me immunitaire.<\/p>\n<p>D\u00e9conseill\u00e9 aux femmes enceintes et allaitantes et aux enfants de moins de 4 ans.<\/p>\n<p>Une consommation excessive peut avoir des effets laxatifs.<\/p>\n<p>Tenir hors de port\u00e9e des jeunes enfants.<\/p>\n<p>D\u00e9conseill\u00e9 en cas de reflux gastro-oesophagien, d\u2019ulc\u00e8re ou d&rsquo;inflammation du tractus digestif, de gastrite ou de troubles biliaires ou h\u00e9patiques, d&rsquo;allergie au menthol ou \u00e0 l&rsquo;eucalyptus, de consommation concomitante de cette plante sous un autre type de pr\u00e9paration, d&rsquo;ant\u00e9c\u00e9dents d&rsquo;\u00e9pilepsie, de convulsions ou de pathologies neurologiques.<\/p>\n<p>Pas d&rsquo;utilisation prolong\u00e9e<\/p>\n<p>REMARQUES : A conserver \u00e0 une temp\u00e9rature ne d\u00e9passant pas 22\u00b0, \u00e0 l\u2019abri de l\u2019humidit\u00e9.<br \/>\nConserver les plaquettes thermoform\u00e9es dans l\u2019emballage ext\u00e9rieur.<\/p>\n<p><strong>INGREDIENTS<\/strong> : Agent de charge: isomalt, extrait de parties a\u00e9riennes d&rsquo;\u00e9chinac\u00e9e (Echinacea purpurea), huile essentielle de menthe poivr\u00e9e (Mentha piperita, feuille), huile essentielle de feuille d\u2019eucalyptus (Eucalyptus globulus, feuille), L-Menthol, acidifiant : acide citrique, \u00e9dulcorant : ac\u00e9sulfame K, huile essentielle de thym (Thymus zygis, sommit\u00e9s fleuries), \u00e9dulcorant : sucralose.<\/p>\n<p>&nbsp;<\/p>\n","protected":false},"excerpt":{"rendered":"<p>Les pastilles NEP est un compl\u00e9ment alimentaire sous forme de pastille dure \u00e0 sucer, <strong>sans sucre<\/strong>, non fourr\u00e9es au centre, avec extrait d&rsquo;\u00e9chinac\u00e9e, menthol et huiles essentielles de menthe poivr\u00e9e, d&rsquo;eucalyptus et de thym.<br \/>\nGo\u00fbt menthe.<\/p>\n<p>En raison de la concentration en menthol, la consommation journali\u00e8re ne doit pas d\u00e9passer 6 \u00e0 8 pastilles par jour.<\/p>\n<p>Boite de 24 pastilles \u00e0 sucer.<\/p>\n","protected":false},"featured_media":3272,"template":"","meta":[],"product_brand":[],"product_cat":[23],"product_tag":[],"class_list":{"0":"post-1673","1":"product","2":"type-product","3":"status-publish","4":"has-post-thumbnail","6":"product_cat-conseil","8":"first","9":"instock","10":"purchasable","11":"product-type-simple"},"_links":{"self":[{"href":"https:\/\/neplamarque.com\/index.php?rest_route=\/wp\/v2\/product\/1673","targetHints":{"allow":["GET"]}}],"collection":[{"href":"https:\/\/neplamarque.com\/index.php?rest_route=\/wp\/v2\/product"}],"about":[{"href":"https:\/\/neplamarque.com\/index.php?rest_route=\/wp\/v2\/types\/product"}],"wp:featuredmedia":[{"embeddable":true,"href":"https:\/\/neplamarque.com\/index.php?rest_route=\/wp\/v2\/media\/3272"}],"wp:attachment":[{"href":"https:\/\/neplamarque.com\/index.php?rest_route=%2Fwp%2Fv2%2Fmedia&parent=1673"}],"wp:term":[{"taxonomy":"product_brand","embeddable":true,"href":"https:\/\/neplamarque.com\/index.php?rest_route=%2Fwp%2Fv2%2Fproduct_brand&post=1673"},{"taxonomy":"product_cat","embeddable":true,"href":"https:\/\/neplamarque.com\/index.php?rest_route=%2Fwp%2Fv2%2Fproduct_cat&post=1673"},{"taxonomy":"product_tag","embeddable":true,"href":"https:\/\/neplamarque.com\/index.php?rest_route=%2Fwp%2Fv2%2Fproduct_tag&post=1673"}],"curies":[{"name":"wp","href":"https:\/\/api.w.org\/{rel}","templated":true}]}}