{"id":1659,"date":"2021-01-27T15:07:20","date_gmt":"2021-01-27T15:07:20","guid":{"rendered":"https:\/\/neplamarque.com\/?product=bracelet-citronep-enfant"},"modified":"2025-01-28T11:27:28","modified_gmt":"2025-01-28T11:27:28","slug":"bracelet-citronep-enfant","status":"publish","type":"product","link":"https:\/\/neplamarque.com\/?product=bracelet-citronep-enfant","title":{"rendered":"Bracelet Citro\u2019Nep enfant"},"content":{"rendered":"<ul>\n<li><strong>Test\u00e9 dermatologiquement.<\/strong><\/li>\n<li>A la citronnelle.<\/li>\n<li>Non toxique.<\/li>\n<li>Contient de la citronnelle.<\/li>\n<li>Le bracelet peut \u00eatre port\u00e9 au poignet ou \u00e0 la cheville.<\/li>\n<li><strong>Recommand\u00e9 pour les enfants \u00e0 partir de 3 ans<\/strong>.<\/li>\n<li><em><strong>Ne pas mettre \u00e0 la bouche.<\/strong> <\/em>Peut entra\u00eener des effets n\u00e9fastes \u00e0 long terme pour l&rsquo;environnement aquatique.<\/li>\n<li><strong>En cas d\u2019irritation cutan\u00e9e ou oculaire, veuillez consulter un m\u00e9decin<\/strong>.<\/li>\n<li>En cas de consultation d\u2019un m\u00e9decin, garder \u00e0 disposition le r\u00e9cipient ou l\u2019\u00e9tiquette.<\/li>\n<li>\u00c9liminer le contenu\/r\u00e9cipient conform\u00e9ment \u00e0 la r\u00e9glementation locale \/ r\u00e9gionale \/ nationale.<\/li>\n<li>Gomme plastique 85%, Fragrance 13% , Colorant 2%<\/li>\n<\/ul>\n","protected":false},"excerpt":{"rendered":"<p>Pendant 3 semaines, le bracelet CITRO\u2019NEP lib\u00e8re progressivement la citronnelle gr\u00e2ce \u00e0 une technologie de fabrication o\u00f9 <strong>les 3 composants sont m\u00e9lang\u00e9s<\/strong> de fa\u00e7on homog\u00e8ne sans additif rajout\u00e9.<\/p>\n<p>Il est fabriqu\u00e9 \u00e0 base de gomme thermoplastique parfum\u00e9e, <strong>non toxique, hypoallerg\u00e9nique et test\u00e9 dermatologiquement.<\/strong><\/p>\n","protected":false},"featured_media":2834,"template":"","meta":[],"product_brand":[],"product_cat":[23],"product_tag":[],"class_list":{"0":"post-1659","1":"product","2":"type-product","3":"status-publish","4":"has-post-thumbnail","6":"product_cat-conseil","8":"first","9":"instock","10":"purchasable","11":"product-type-simple"},"_links":{"self":[{"href":"https:\/\/neplamarque.com\/index.php?rest_route=\/wp\/v2\/product\/1659","targetHints":{"allow":["GET"]}}],"collection":[{"href":"https:\/\/neplamarque.com\/index.php?rest_route=\/wp\/v2\/product"}],"about":[{"href":"https:\/\/neplamarque.com\/index.php?rest_route=\/wp\/v2\/types\/product"}],"wp:featuredmedia":[{"embeddable":true,"href":"https:\/\/neplamarque.com\/index.php?rest_route=\/wp\/v2\/media\/2834"}],"wp:attachment":[{"href":"https:\/\/neplamarque.com\/index.php?rest_route=%2Fwp%2Fv2%2Fmedia&parent=1659"}],"wp:term":[{"taxonomy":"product_brand","embeddable":true,"href":"https:\/\/neplamarque.com\/index.php?rest_route=%2Fwp%2Fv2%2Fproduct_brand&post=1659"},{"taxonomy":"product_cat","embeddable":true,"href":"https:\/\/neplamarque.com\/index.php?rest_route=%2Fwp%2Fv2%2Fproduct_cat&post=1659"},{"taxonomy":"product_tag","embeddable":true,"href":"https:\/\/neplamarque.com\/index.php?rest_route=%2Fwp%2Fv2%2Fproduct_tag&post=1659"}],"curies":[{"name":"wp","href":"https:\/\/api.w.org\/{rel}","templated":true}]}}