{"id":1653,"date":"2021-01-27T15:07:20","date_gmt":"2021-01-27T15:07:20","guid":{"rendered":"https:\/\/neplamarque.com\/?product=spray-hypertonique-nasal-ocean-100-ml"},"modified":"2023-10-17T09:46:27","modified_gmt":"2023-10-17T09:46:27","slug":"spray-hypertonique-nasal-ocean-100-ml","status":"publish","type":"product","link":"https:\/\/neplamarque.com\/?product=spray-hypertonique-nasal-ocean-100-ml","title":{"rendered":"Spray Hypertonique nasal &#8211; (100 mL)"},"content":{"rendered":"<ul>\n<li><strong>Fabriqu\u00e9 en France<\/strong><strong>.\u00a0<\/strong><\/li>\n<li>Embout s\u00e9curis\u00e9.<\/li>\n<li>Flacon de 100 ml.<\/li>\n<li>Introduire d\u00e9licatement l&#8217;embout dans la narine jusqu&rsquo;\u00e0 la collerette de s\u00e9curit\u00e9. Exercer une pression sur l&#8217;embout.<\/li>\n<li><strong>S&rsquo;utilise pour nettoyer<\/strong> les fosses nasales en cas de rhume, sinusite et rhinite allergique et de fa\u00e7on ponctuelle.<\/li>\n<li><strong>1 \u00e0 2 pulv\u00e9risations dans chaque narine 2 \u00e0 4 fois par jour.<\/strong> Apr\u00e8s chaque utilisation, nettoyer l&#8217;embout \u00e0 l&rsquo;eau claire et s\u00e9cher avec un linge propre.<\/li>\n<li><strong>Ne pas effectuer de lavage nasal<\/strong> lorsque la t\u00eate du b\u00e9b\u00e9 est en arri\u00e8re afin d&rsquo;\u00e9viter que le liquide ne descende dans la gorge.<\/li>\n<li>Utilisation chez le nourrisson, les personnes \u00e2g\u00e9es, alit\u00e9es et\/ou handicap\u00e9es la position allong\u00e9e sur le c\u00f4t\u00e9, t\u00eate l\u00e9g\u00e8rement relev\u00e9e est conseill\u00e9e. Si les sympt\u00f4mes continuent au-del\u00e0 de 4 jours consulter l&rsquo;avis de votre m\u00e9decin ou pharmacien. Si le boitier est endommag\u00e9 ne pas utiliser le produit en raison d&rsquo;un risque de contamination.<\/li>\n<li>Les sujets hypertendus ou insuffisants r\u00e9naux doivent tenir compte de l&rsquo;apport en sel dans leur ration quotidienne. Si prescription par un m\u00e9decin d&rsquo;un m\u00e9dicament \u00e0 application nasale, il convient d&rsquo;utiliser nos sprays avant l&rsquo;application et non apr\u00e8s.<\/li>\n<li><em><strong>TENIR HORS DE PORTEE DES ENFANTS.<\/strong><\/em><\/li>\n<li>Ne pas utiliser lorsque la date de p\u00e9remption est d\u00e9pass\u00e9e.<\/li>\n<li><strong>Ne pas utiliser en dessous de 6 mois.<\/strong> De 6 mois \u00e0 2 ans \u00e0 utiliser avec pr\u00e9caution. Au-del\u00e0 de 2 ans, suivre les conseils d&rsquo;utilisation.<\/li>\n<li><strong>REMARQUES :<\/strong> R\u00e9cipient sous pression \u00e0 prot\u00e9ger des rayons du soleil, ne pas percer ou br\u00fbler m\u00eame apr\u00e8s usage. Ne pas exposer \u00e0 une temp\u00e9rature sup\u00e9rieur \u00e0 50\u00b0C.<\/li>\n<li>SOLUTION HYPERTONIQUE D&rsquo;EAU DE MER (MIN\u00c9RAUX ET OLIGO-\u00c9L\u00c9MENTS) SANS CONSERVATEURS &#8211; EAU DE MER : 75% &#8211; EAU PURIFI\u00c9E : 25% &#8211; AIR COMPRIM\u00c9 SANS AUCUN CONTACT AVEC LE PRODUIT PULV\u00c9RIS\u00c9.<\/li>\n<\/ul>\n","protected":false},"excerpt":{"rendered":"<p>Spray nasal hypertonique d&rsquo;eau de mer (75%) riche en Oligo-\u00e9l\u00e9ments pour un lavage en douceur.<\/p>\n<p>Gr\u00e2ce \u00e0 son hypertonicit\u00e9, <strong>Nep Spray Nasal Hypertonique<\/strong> aide \u00e0 d\u00e9congestionner la muqueuse nasale, <strong>fluidifie et<\/strong>\u00a0<strong>facilite l&rsquo;\u00e9vacuation du mucus \u00e9pais<\/strong>, aide \u00e0 \u00e9vacuer la poussi\u00e8re, le pollen, les allerg\u00e8nes et\/ou d&rsquo;autres irritants.<\/p>\n<p>Humidification et\/ou pr\u00e9vention de l&rsquo;ass\u00e8chement des voies nasales.<\/p>\n<p>Am\u00e9lioration de la qualit\u00e9 du sommeil.<\/p>\n<p><strong>Sp\u00e9cial nez bouch\u00e9.<\/strong><\/p>\n<p><strong>Nourrisson de plus de 6 mois &#8211; Enfant &#8211; Adulte.<\/strong><\/p>\n<p>Peut \u00eatre utilis\u00e9 pendant la grossesse et l&rsquo;allaitement.<\/p>\n<p>Modalit\u00e9s d&rsquo;utilisation : Hygi\u00e8ne quotidienne : 1 \u00e0 2 pulv\u00e9risation\/narine matin et soir. Rhino-sinusite : appliquer aussi souvent que n\u00e9cessaire pour \u00e9liminer les mucosit\u00e9s et d\u00e9gager le nez.<\/p>\n","protected":false},"featured_media":2592,"template":"","meta":[],"product_brand":[],"product_cat":[23],"product_tag":[],"class_list":{"0":"post-1653","1":"product","2":"type-product","3":"status-publish","4":"has-post-thumbnail","6":"product_cat-conseil","8":"first","9":"instock","10":"purchasable","11":"product-type-simple"},"_links":{"self":[{"href":"https:\/\/neplamarque.com\/index.php?rest_route=\/wp\/v2\/product\/1653","targetHints":{"allow":["GET"]}}],"collection":[{"href":"https:\/\/neplamarque.com\/index.php?rest_route=\/wp\/v2\/product"}],"about":[{"href":"https:\/\/neplamarque.com\/index.php?rest_route=\/wp\/v2\/types\/product"}],"wp:featuredmedia":[{"embeddable":true,"href":"https:\/\/neplamarque.com\/index.php?rest_route=\/wp\/v2\/media\/2592"}],"wp:attachment":[{"href":"https:\/\/neplamarque.com\/index.php?rest_route=%2Fwp%2Fv2%2Fmedia&parent=1653"}],"wp:term":[{"taxonomy":"product_brand","embeddable":true,"href":"https:\/\/neplamarque.com\/index.php?rest_route=%2Fwp%2Fv2%2Fproduct_brand&post=1653"},{"taxonomy":"product_cat","embeddable":true,"href":"https:\/\/neplamarque.com\/index.php?rest_route=%2Fwp%2Fv2%2Fproduct_cat&post=1653"},{"taxonomy":"product_tag","embeddable":true,"href":"https:\/\/neplamarque.com\/index.php?rest_route=%2Fwp%2Fv2%2Fproduct_tag&post=1653"}],"curies":[{"name":"wp","href":"https:\/\/api.w.org\/{rel}","templated":true}]}}