{"id":1577,"date":"2021-01-27T15:06:57","date_gmt":"2021-01-27T15:06:57","guid":{"rendered":"https:\/\/neplamarque.com\/?product=creme-pieds-nutritive-reparatrice-50-ml"},"modified":"2024-03-08T13:22:57","modified_gmt":"2024-03-08T13:22:57","slug":"creme-pieds-nutritive-reparatrice-50-ml","status":"publish","type":"product","link":"https:\/\/neplamarque.com\/?product=creme-pieds-nutritive-reparatrice-50-ml","title":{"rendered":"Cr\u00e8me pieds nutritive r\u00e9paratrice &#8211; (50 mL)"},"content":{"rendered":"<ul>\n<li><strong>Fabrication Fran\u00e7aise.\u00a0<\/strong><\/li>\n<li><strong>Test\u00e9 sous contr\u00f4le dermatologique.<\/strong><\/li>\n<li>Favorise la cicatrisation.<\/li>\n<li><strong>Riche en actifs nourrissants, hydratants et apaisants<\/strong>.<\/li>\n<li>Contient du calendula officinalis et du mimosa tenuiflora.<\/li>\n<li>Tube de 50 ml.<\/li>\n<li>Appliquer localement sur la zone \u00e0 traiter. Renouveler 2 \u00e0 3 fois par jour pendant 15 jours.<\/li>\n<li><em><strong> Tenir hors de port\u00e9e des enfants. <\/strong><\/em><\/li>\n<li><strong>Eviter le contact avec les yeux. <\/strong><\/li>\n<li><strong>Ne pas appliquer sur les plaies ouvertes. Usage externe. <\/strong><\/li>\n<li>Ingr\u00e9dients : AQUA, GLYCERIN, COCOS NUCIFERA OIL, PARAFFINUM LIQUIDUM, ALUMINUM STARCH OCTENYLSUCCINATE, MACADAMIA INTEGRIFOLIA SEED OIL, ZEA MAYS OIL, HELIANTHUS ANNUUS HYBRID OIL, AMMONIUM ACRYLOYLDIMETHYLTAURATE \/ VP COPOLYMER, POLYSORBATE 60, PROPYLENE GLYCOL, PHENOXYETHANOL, LEUCONOSTOC \/ RADISH ROOT FERMENT FILTRATE, PANTHENOL, SOYBEAN GLYCERIDES, CALENDULA OFFICINALIS FLOWER EXTRACT, OLEIC \/ LINOLEIC \/ LINOLENIC POLYGLYCERIDES, ALLANTOIN, HELIANTHUS ANNUUS SEED OIL, PARFUM, SORBITOL, RETINYL PALMITATE, ARACHIS HYPOGAEA OIL, MIMOSA TENUIFLORA BARK EXTRACT, GLYCINE SOJA OIL, CITRIC ACID, TOCOPHEROL, SODIUM HYDROXIDE, ETHYLHEXYLGLYCERIN.<\/li>\n<\/ul>\n","protected":false},"excerpt":{"rendered":"<p>Soins des pieds tr\u00e8s secs avec rugosit\u00e9s, callosit\u00e9s et\/ ou craquelures.<\/p>\n<p><strong>Hydrate la peau pendant 6h et r\u00e9duit les callosit\u00e9s et rugosit\u00e9s pr\u00e9sentes. <\/strong><\/p>\n<p>Les fissures disparaissent et les crevasses s&rsquo;estompent d\u00e8s le 14\u00e8me jour. Rend confort et souplesse aux pieds craquel\u00e9s, douloureux.<\/p>\n<p><strong>Test\u00e9 sous contr\u00f4le dermatologique.<\/strong><\/p>\n<p><strong>Fabrication Fran\u00e7aise.\u00a0<\/strong><\/p>\n","protected":false},"featured_media":3350,"template":"","meta":[],"product_brand":[],"product_cat":[19],"product_tag":[],"class_list":{"0":"post-1577","1":"product","2":"type-product","3":"status-publish","4":"has-post-thumbnail","6":"product_cat-cosmetique","8":"first","9":"instock","10":"purchasable","11":"product-type-simple"},"_links":{"self":[{"href":"https:\/\/neplamarque.com\/index.php?rest_route=\/wp\/v2\/product\/1577","targetHints":{"allow":["GET"]}}],"collection":[{"href":"https:\/\/neplamarque.com\/index.php?rest_route=\/wp\/v2\/product"}],"about":[{"href":"https:\/\/neplamarque.com\/index.php?rest_route=\/wp\/v2\/types\/product"}],"wp:featuredmedia":[{"embeddable":true,"href":"https:\/\/neplamarque.com\/index.php?rest_route=\/wp\/v2\/media\/3350"}],"wp:attachment":[{"href":"https:\/\/neplamarque.com\/index.php?rest_route=%2Fwp%2Fv2%2Fmedia&parent=1577"}],"wp:term":[{"taxonomy":"product_brand","embeddable":true,"href":"https:\/\/neplamarque.com\/index.php?rest_route=%2Fwp%2Fv2%2Fproduct_brand&post=1577"},{"taxonomy":"product_cat","embeddable":true,"href":"https:\/\/neplamarque.com\/index.php?rest_route=%2Fwp%2Fv2%2Fproduct_cat&post=1577"},{"taxonomy":"product_tag","embeddable":true,"href":"https:\/\/neplamarque.com\/index.php?rest_route=%2Fwp%2Fv2%2Fproduct_tag&post=1577"}],"curies":[{"name":"wp","href":"https:\/\/api.w.org\/{rel}","templated":true}]}}