{"id":1573,"date":"2021-01-27T15:06:57","date_gmt":"2021-01-27T15:06:57","guid":{"rendered":"https:\/\/neplamarque.com\/?product=creme-mains-hydratante-75ml"},"modified":"2025-01-28T11:54:38","modified_gmt":"2025-01-28T11:54:38","slug":"creme-mains-hydratante-75ml","status":"publish","type":"product","link":"https:\/\/neplamarque.com\/?product=creme-mains-hydratante-75ml","title":{"rendered":"Cr\u00e8me mains hydratante (75mL)"},"content":{"rendered":"<p>&nbsp;<\/p>\n<ul>\n<li><strong>Fabriqu\u00e9 en France.\u00a0<\/strong><\/li>\n<li>Huile d\u2019amande douce et beurre de karit\u00e9.<\/li>\n<li>D\u00e9poser une noix de cr\u00e8me sur les mains puis masser-les jusqu\u2019\u00e0 p\u00e9n\u00e9tration de la cr\u00e8me. R\u00e9p\u00e9tez cette op\u00e9ration autant de fois que n\u00e9cessaire dans la journ\u00e9e.<\/li>\n<li><strong>Eviter le contact avec les yeux.<\/strong><\/li>\n<li>En cas de contact avec les yeux, rincer soigneusement \u00e0 l&rsquo;eau.<\/li>\n<li>Ingr\u00e9dients : AQUA, GLYCERIN, GLYCERYL STEARATE, CAPRYLIC\/CAPRICTRIGLYCERIDE, CETYL ALCOHOL, BUTYROSPERMUM PARKII BUTTER, PRUNUS AMYGDALUS, DULCIS OIL, CYCLOPENTASILOXANE, PARFUM, SODIUM BENZOATE, POTASSIUM SORBATE, CARBOMER, DIMETHICONE \/ VINYL DIMETHICONE CROSSPOLYMER, CITRIC ACID, DISODIUM EDTA, HYDROXYCITRONELLAL.<\/li>\n<\/ul>\n","protected":false},"excerpt":{"rendered":"<p>La cr\u00e8me hydratante pour les mains NEP<\/p>\n<p>Contenance autoris\u00e9e dans les avions.<\/p>\n<p>*Hydratation des couches sup\u00e9rieures de l&rsquo;\u00e9piderme.<\/p>\n<p>Tube de 75 ml.<\/p>\n","protected":false},"featured_media":2892,"template":"","meta":[],"product_brand":[],"product_cat":[19],"product_tag":[],"class_list":{"0":"post-1573","1":"product","2":"type-product","3":"status-publish","4":"has-post-thumbnail","6":"product_cat-cosmetique","8":"first","9":"instock","10":"purchasable","11":"product-type-simple"},"_links":{"self":[{"href":"https:\/\/neplamarque.com\/index.php?rest_route=\/wp\/v2\/product\/1573","targetHints":{"allow":["GET"]}}],"collection":[{"href":"https:\/\/neplamarque.com\/index.php?rest_route=\/wp\/v2\/product"}],"about":[{"href":"https:\/\/neplamarque.com\/index.php?rest_route=\/wp\/v2\/types\/product"}],"wp:featuredmedia":[{"embeddable":true,"href":"https:\/\/neplamarque.com\/index.php?rest_route=\/wp\/v2\/media\/2892"}],"wp:attachment":[{"href":"https:\/\/neplamarque.com\/index.php?rest_route=%2Fwp%2Fv2%2Fmedia&parent=1573"}],"wp:term":[{"taxonomy":"product_brand","embeddable":true,"href":"https:\/\/neplamarque.com\/index.php?rest_route=%2Fwp%2Fv2%2Fproduct_brand&post=1573"},{"taxonomy":"product_cat","embeddable":true,"href":"https:\/\/neplamarque.com\/index.php?rest_route=%2Fwp%2Fv2%2Fproduct_cat&post=1573"},{"taxonomy":"product_tag","embeddable":true,"href":"https:\/\/neplamarque.com\/index.php?rest_route=%2Fwp%2Fv2%2Fproduct_tag&post=1573"}],"curies":[{"name":"wp","href":"https:\/\/api.w.org\/{rel}","templated":true}]}}