{"id":1535,"date":"2021-01-27T15:06:45","date_gmt":"2021-01-27T15:06:45","guid":{"rendered":"https:\/\/neplamarque.com\/?product=gel-lavant-surgras-bebe-flacon-pompe-500-ml"},"modified":"2023-10-16T08:29:41","modified_gmt":"2023-10-16T08:29:41","slug":"gel-lavant-surgras-bebe-flacon-pompe-500-ml","status":"publish","type":"product","link":"https:\/\/neplamarque.com\/?product=gel-lavant-surgras-bebe-flacon-pompe-500-ml","title":{"rendered":"Eau micellaire b\u00e9b\u00e9 &#8211; (Flacon pompe 500 mL)"},"content":{"rendered":"<ul>\n<li><strong>Fabriqu\u00e9 en France.<\/strong><\/li>\n<li>Contient d&rsquo;extrait de souci officinal et de la glyc\u00e9rine v\u00e9g\u00e9tale.<\/li>\n<li>Visage, Corps et change, sans rin\u00e7age<\/li>\n<li>Flacon pompe de 500 ml.<\/li>\n<li>Imbiber un coton et nettoyez la peau de b\u00e9b\u00e9 d\u00e9licatement.<\/li>\n<li>En cas de <strong>contact avec les yeux<\/strong>, rincer abondamment \u00e0 l\u2019eau claire.<\/li>\n<li><em><strong>Ne pas appliquer sur une peau irrit\u00e9e ou abim\u00e9e.<\/strong><\/em><\/li>\n<li>Ingr\u00e9dients : Aqua, Glycerin, Poloxamer 184, PEG-40 Hydrogenated Castor Oil, Parfum, Sodium Benzoate, 1.2-Hexanediol, Caprylyl Glycol, Citric Acid,<em> Calendula Officinalis Flower Extract<\/em>, Sodium Hydroxide.<\/li>\n<\/ul>\n","protected":false},"excerpt":{"rendered":"<p>L&rsquo;eau micellaire NEP B\u00e9b\u00e9 nettoie en douceur et respecte la peau de b\u00e9b\u00e9.<\/p>\n<p>Elle laisse la peau douce fra\u00eeche et d\u00e9licatement parfum\u00e9e.<\/p>\n<p>Test\u00e9 sous contr\u00f4le dermatologique et p\u00e9diatrique.<\/p>\n<p>Utiliser pour tous types de peaux, y compris la peau sensible.<\/p>\n<p><strong>Fabriqu\u00e9 en France.<\/strong><\/p>\n","protected":false},"featured_media":3144,"template":"","meta":[],"product_brand":[],"product_cat":[19],"product_tag":[],"class_list":{"0":"post-1535","1":"product","2":"type-product","3":"status-publish","4":"has-post-thumbnail","6":"product_cat-cosmetique","8":"first","9":"instock","10":"purchasable","11":"product-type-simple"},"_links":{"self":[{"href":"https:\/\/neplamarque.com\/index.php?rest_route=\/wp\/v2\/product\/1535","targetHints":{"allow":["GET"]}}],"collection":[{"href":"https:\/\/neplamarque.com\/index.php?rest_route=\/wp\/v2\/product"}],"about":[{"href":"https:\/\/neplamarque.com\/index.php?rest_route=\/wp\/v2\/types\/product"}],"wp:featuredmedia":[{"embeddable":true,"href":"https:\/\/neplamarque.com\/index.php?rest_route=\/wp\/v2\/media\/3144"}],"wp:attachment":[{"href":"https:\/\/neplamarque.com\/index.php?rest_route=%2Fwp%2Fv2%2Fmedia&parent=1535"}],"wp:term":[{"taxonomy":"product_brand","embeddable":true,"href":"https:\/\/neplamarque.com\/index.php?rest_route=%2Fwp%2Fv2%2Fproduct_brand&post=1535"},{"taxonomy":"product_cat","embeddable":true,"href":"https:\/\/neplamarque.com\/index.php?rest_route=%2Fwp%2Fv2%2Fproduct_cat&post=1535"},{"taxonomy":"product_tag","embeddable":true,"href":"https:\/\/neplamarque.com\/index.php?rest_route=%2Fwp%2Fv2%2Fproduct_tag&post=1535"}],"curies":[{"name":"wp","href":"https:\/\/api.w.org\/{rel}","templated":true}]}}