{"id":1523,"date":"2021-01-27T15:06:34","date_gmt":"2021-01-27T15:06:34","guid":{"rendered":"https:\/\/neplamarque.com\/?product=pince-a-ongle-secateur-12-cm"},"modified":"2023-02-25T13:03:55","modified_gmt":"2023-02-25T13:03:55","slug":"pince-a-ongle-secateur-12-cm","status":"publish","type":"product","link":"https:\/\/neplamarque.com\/?product=pince-a-ongle-secateur-12-cm","title":{"rendered":"Pince \u00e0 ongle s\u00e9cateur (12 cm)"},"content":{"rendered":"<ul>\n<li>Qualit\u00e9 <strong>certifi\u00e9e France<\/strong>.<\/li>\n<li>Sp\u00e9cialement con\u00e7ue pour une <strong>coupe facile et pr\u00e9cise<\/strong> des ongles forts.<\/li>\n<li><strong>Haute qualit\u00e9<\/strong> et pr\u00e9cision des lames.<\/li>\n<li>Bec incurv\u00e9 qui respecte la forme naturelle des ongles et \u00e9vite les probl\u00e8mes d&rsquo;ongles incarn\u00e9s.<\/li>\n<li>Acier inoxydable de <strong>haute qualit\u00e9<\/strong>.<\/li>\n<li>Haute pr\u00e9cision et r\u00e9sistance.<\/li>\n<\/ul>\n","protected":false},"excerpt":{"rendered":"<p>Pince \u00e0 ongle s\u00e9cateur de 12 cm.<\/p>\n","protected":false},"featured_media":3069,"template":"","meta":[],"product_brand":[],"product_cat":[16],"product_tag":[],"class_list":{"0":"post-1523","1":"product","2":"type-product","3":"status-publish","4":"has-post-thumbnail","6":"product_cat-accessoires-et-coutellerie","8":"first","9":"instock","10":"purchasable","11":"product-type-simple"},"_links":{"self":[{"href":"https:\/\/neplamarque.com\/index.php?rest_route=\/wp\/v2\/product\/1523","targetHints":{"allow":["GET"]}}],"collection":[{"href":"https:\/\/neplamarque.com\/index.php?rest_route=\/wp\/v2\/product"}],"about":[{"href":"https:\/\/neplamarque.com\/index.php?rest_route=\/wp\/v2\/types\/product"}],"wp:featuredmedia":[{"embeddable":true,"href":"https:\/\/neplamarque.com\/index.php?rest_route=\/wp\/v2\/media\/3069"}],"wp:attachment":[{"href":"https:\/\/neplamarque.com\/index.php?rest_route=%2Fwp%2Fv2%2Fmedia&parent=1523"}],"wp:term":[{"taxonomy":"product_brand","embeddable":true,"href":"https:\/\/neplamarque.com\/index.php?rest_route=%2Fwp%2Fv2%2Fproduct_brand&post=1523"},{"taxonomy":"product_cat","embeddable":true,"href":"https:\/\/neplamarque.com\/index.php?rest_route=%2Fwp%2Fv2%2Fproduct_cat&post=1523"},{"taxonomy":"product_tag","embeddable":true,"href":"https:\/\/neplamarque.com\/index.php?rest_route=%2Fwp%2Fv2%2Fproduct_tag&post=1523"}],"curies":[{"name":"wp","href":"https:\/\/api.w.org\/{rel}","templated":true}]}}